alse
Does 101 divide 156137119?
False
Does 311 divide 29186809?
False
Does 3442 divide 1474693922?
True
Is 9 a factor of 61945020?
True
Does 361 divide 135347837?
False
Is 215657269 a multiple of 1291?
False
Is 111108105 a multiple of 19?
True
Is 64380569 a multiple of 24?
False
Is 140000294 a multiple of 679?
True
Is 4960 a factor of 500509051?
False
Is 620428697 a multiple of 1334?
False
Does 10 divide 124797774?
False
Does 631 divide 1889066?
False
Is 469589700 a multiple of 6?
True
Is 69 a factor of 31022549?
False
Does 24 divide 200825669?
False
Is 189 a factor of 77241448?
False
Is 721854285 a multiple of 115?
False
Is 333234198 a multiple of 939?
True
Is 192934720 a multiple of 1858?
True
Is 5 a factor of 34153070?
True
Does 3943 divide 2045374006?
False
Does 517 divide 33521273?
False
Is 82 a factor of 1622442315?
False
Is 252 a factor of 120929987?
False
Is 1073 a factor of 423605823?
False
Is 7 a factor of 819220150?
True
Is 14 a factor of 108344194?
True
Is 9323 a factor of 208863169?
True
Does 21 divide 25132616?
False
Does 1193 divide 716911876?
True
Is 2344089 a multiple of 211?
False
Is 1404918702 a multiple of 54?
True
Does 593 divide 2421009066?
False
Is 69527580 a multiple of 3086?
True
Is 204 a factor of 61695278?
False
Is 182709937 a multiple of 16?
False
Is 88084883 a multiple of 57?
False
Is 4393 a factor of 45736980?
False
Is 61425180 a multiple of 1110?
True
Does 118 divide 222648395?
False
Does 7 divide 3440024?
True
Is 1643 a factor of 36588899?
False
Is 320 a factor of 2808279644?
False
Does 20 divide 6447530782?
False
Is 97600804 a multiple of 7?
True
Does 2188 divide 537549277?
False
Is 46 a factor of 4091654?
True
Does 10 divide 9043302?
False
Does 179 divide 3603761?
False
Is 306 a factor of 15095286?
True
Does 209 divide 56681515?
False
Does 1637 divide 2744094533?
False
Is 39623468 a multiple of 44?
False
Is 942163251 a multiple of 2292?
False
Does 89 divide 2148589171?
False
Is 1816 a factor of 2317390336?
True
Is 17 a factor of 83096085?
True
Does 681 divide 346170687?
True
Is 88 a factor of 2396349?
False
Does 103 divide 150936715?
True
Is 1622644305 a multiple of 51?
True
Is 88103730 a multiple of 1815?
True
Does 111 divide 34194313?
False
Is 4 a factor of 1483393?
False
Does 54 divide 516573342?
True
Is 222790770 a multiple of 114?
True
Is 1120 a factor of 3380160?
True
Is 5 a factor of 46058570?
True
Does 75 divide 1886322442?
False
Does 165 divide 29559090?
True
Does 9 divide 681543604?
False
Is 8661354425 a multiple of 16?
False
Is 99 a factor of 219725809?
False
Is 74 a factor of 1663988016?
False
Is 51460150 a multiple of 5?
True
Is 1584642061 a multiple of 67?
False
Is 1353 a factor of 2670822?
True
Does 40 divide 505525465?
False
Is 67 a factor of 181645375?
True
Is 1075478238 a multiple of 548?
False
Is 7 a factor of 8708093?
False
Does 303 divide 56711904?
True
Is 2622794597 a multiple of 136?
False
Does 79 divide 64797143?
True
Is 7009540 a multiple of 268?
True
Is 391491612 a multiple of 388?
True
Does 2166 divide 20046330?
True
Is 981 a factor of 389585162?
False
Is 2360934400 a multiple of 80?
True
Is 1981 a factor of 13179593?
True
Is 65506206 a multiple of 123?
False
Is 280 a factor of 738471362?
False
Is 4819364 a multiple of 68?
True
Is 15 a factor of 11256630?
True
Is 55019 a multiple of 14?
False
Does 118 divide 3324566195?
False
Is 425 a factor of 985414775?
True
Is 449 a factor of 735884570?
False
Does 14 divide 372674498?
True
Is 49438608 a multiple of 114?
True
Is 33 a factor of 30899616?
True
Is 11590 a factor of 1259010110?
True
Is 246181455 a multiple of 507?
True
Is 5711007312 a multiple of 39?
False
Does 15 divide 593998369?
False
Is 24843210 a multiple of 105?
True
Is 1519 a factor of 58006053?
True
Is 460654815 a multiple of 1005?
True
Does 202 divide 178723136?
True
Does 134 divide 118562530?
True
Is 800 a factor of 99755429?
False
Does 15 divide 562200525?
True
Does 75 divide 988064239?
False
Is 159572429 a multiple of 71?
True
Is 263180386 a multiple of 497?
True
Is 75813040 a multiple of 40?
True
Is 6189 a factor of 1204336077?
True
Is 1488163 a multiple of 35?
False
Is 17 a factor of 345387202?
False
Does 4 divide 102217385?
False
Does 2 divide 35031322?
True
Is 2738882 a multiple of 82?
True
Is 191030090 a multiple of 21?
False
Does 111 divide 16325658?
True
Does 2451 divide 123741186?
True
Is 19 a factor of 283892478?
False
Is 8191260 a multiple of 36?
True
Is 150 a factor of 7253400?
True
Does 996 divide 1398526847?
False
Is 256091456 a multiple of 1067?
False
Does 172 divide 7151588?
True
Is 11 a factor of 88760421?
False
Does 71 divide 207733930?
True
Does 1490 divide 950414380?
True
Does 8 divide 47870575?
False
Is 170821708 a multiple of 1388?
False
Does 11 divide 121208835?
True
Is 15 a factor of 318875192?
False
Does 12 divide 22085304?
True
Is 268 a factor of 822613136?
True
Does 261 divide 219274062?
False
Is 7 a factor of 394334766?
True
Is 40 a factor of 47101360?
True
Is 24 a factor of 3450362?
False
Does 172 divide 46237244?
False
Is 11413869 a multiple of 84?
False
Is 1378129832 a multiple of 2414?
False
Does 49 divide 144810533?
True
Does 11 divide 851424621?
False
Is 37 a factor of 766024690?
True
Does 231 divide 34252088?
False
Is 133 a factor of 66737405?
True
Does 105 divide 4577355?
False
Does 473 divide 364409713?
False
Does 60 divide 444956671?
False
Does 551 divide 68294325?
False
Is 11 a factor of 34698567?
False
Is 1493 a factor of 434566273?
False
Does 123 divide 32984436?
False
Does 1082 divide 394647904?
False
Does 21 divide 2087416653?
True
Is 8 a factor of 1481713928?
True
Is 44 a factor of 166755556?
True
Does 114 divide 50551248?
True
Is 53 a factor of 27108990?
False
Does 6833 divide 559774285?
False
Does 11 divide 87054594?
True
Is 194 a factor of 107340110?
False
Is 410906540 a multiple of 985?
True
Does 275 divide 479072848?
False
Is 1219806 a multiple of 27?
True
Is 42042060 a multiple of 1083?
True
Is 673 a factor of 52001010?
False
Is 3 a factor of 31632711?
True
Is 177705176 a multiple of 95?
False
Is 130380040 a multiple of 1595?
False
Does 55 divide 1341954332?
False
Does 508 divide 622776526?
False
Is 1087 a factor of 1419493734?
True
Is 94 a factor of 924105670?
False
Is 2694 a factor of 593854584?
True
Is 16632000 a multiple of 330?
True
Is 699 a factor of 7169440290?
True
Is 316148996 a multiple of 388?
True
Is 99795876 a multiple of 5?
False
Does 576 divide 201448512?
True
Is 1227135 a multiple of 273?
True
Does 1652 divide 293264692?
True
Is 328352784 a multiple of 69?
True
Is 54 a factor of 52129702?
False
Does 47 divide 4752341048?
False
Is 1512341 a multiple of 4408?
False
Is 483 a factor of 578540675?
False
Does 135 divide 50204912?
False
Does 20 divide 20781560?
True
Is 52775827 a multiple of 23?
False
Does 16 divide 26336774?
False
Does 20 divide 536933144?
False
Is 35 a factor of 85579865?
True
Is 47212252 a multiple of 45?
False
Is 100636633 a multiple of 86?
False
Is 313664 a multiple of 338?
True
Does 518 divide 71365940?
False
Does 1419 divide 353081256?
True
Does 9 divide 88677990?
True
Does 51 divide 218410228?
False
Does 758 divide 186685794?
False
Is 14 a factor of 77332740?
False
Is 3898876 a multiple of 76?
True
Does 2 divide 14724942?
True
Does 15 divide 1266843?
False
Is 12590804 a multiple of 4?
True
Is 389393034 a multiple of 331?
True
Does 2121 divide 54244227?
False
Is 124 a factor of 457451435?
False
Is 84989596 a multiple of 17?
True
Does 388 divide 420642440?
True
Is 159531363 a multiple of 93?
True
Is 2877044235 a multiple of 326?
False
Is 13 a factor of 377732576?
True
Is 6777364 a multiple of 181?
True
Is 23 a factor of 17811545?
True
Is 9 a factor of 64733186?
False
Is 248 a factor of 205828918?
False
Is 239838179 a multiple of 442?
False
Is 268484803 a multiple of 982?
False
Does 9955 divide 1323007952?
False
Is 714 a factor of 283110906?
False
Is 259 a factor of 5819762?
False
Does 576 divide 42293376?
True
Is 344800181 a multiple of 4103?
False
Does 483 divide 72030282?
False
Does 174 divide 182437782?
True
Is 386790471 a multiple of 101?
False
Does 4027 divide 337535086?
True
Is 179493449 a multiple of 41?
True
Is 1258008470 a multiple of 1151?
True
Is 563 a factor of 265532194?
True
